{"id":60,"date":"2016-01-14T12:16:55","date_gmt":"2016-01-14T12:16:55","guid":{"rendered":"http:\/\/compa.com.pl\/?page_id=60"},"modified":"2024-07-06T15:22:06","modified_gmt":"2024-07-06T13:22:06","slug":"o-firmie","status":"publish","type":"page","link":"https:\/\/compa.com.pl\/?page_id=60","title":{"rendered":"O FIRMIE"},"content":{"rendered":"\n<div class=\"wp-block-cover is-light has-black-color has-text-color has-medium-font-size\"><span aria-hidden=\"true\" class=\"wp-block-cover__background has-white-background-color has-background-dim-70 has-background-dim\"><\/span><img decoding=\"async\" loading=\"lazy\" width=\"2465\" height=\"1648\" class=\"wp-block-cover__image-background wp-image-433\" alt=\"\" src=\"https:\/\/compa.com.pl\/wp-content\/uploads\/2024\/07\/Raf5.jpg\" data-object-fit=\"cover\" srcset=\"https:\/\/compa.com.pl\/wp-content\/uploads\/2024\/07\/Raf5.jpg 2465w, https:\/\/compa.com.pl\/wp-content\/uploads\/2024\/07\/Raf5-300x201.jpg 300w, https:\/\/compa.com.pl\/wp-content\/uploads\/2024\/07\/Raf5-1024x685.jpg 1024w, https:\/\/compa.com.pl\/wp-content\/uploads\/2024\/07\/Raf5-768x513.jpg 768w, https:\/\/compa.com.pl\/wp-content\/uploads\/2024\/07\/Raf5-1536x1027.jpg 1536w, https:\/\/compa.com.pl\/wp-content\/uploads\/2024\/07\/Raf5-2048x1369.jpg 2048w\" sizes=\"(max-width: 2465px) 100vw, 2465px\" \/><div class=\"wp-block-cover__inner-container is-layout-constrained wp-block-cover-is-layout-constrained\">\n<p class=\"has-text-align-left has-small-font-size\">Biuro Projekt\u00f3w i Realizacji Automatyki <em><strong>CompA sp. z o.o.<\/strong><\/em> powsta\u0142o w styczniu 1992 roku i zosta\u0142o zarejestrowane jako sp\u00f3\u0142ka prawa handlowego w S\u0105dzie Rejonowym w P\u0142ocku w dniu 4 lutego 1992 roku.<\/p>\n\n\n\n<p class=\"has-text-align-left has-small-font-size\">W trakcie dotychczasowej dzia\u0142alno\u015bci w bran\u017cy Pomiar\u00f3w i Automatyki wykonali\u015bmy wiele projekt\u00f3w oraz wdro\u017cyli\u015bmy automatyk\u0119 na wielu obiektach w r\u00f3\u017cnych bran\u017cach przemys\u0142owych. Od pocz\u0105tku istnienia firma zwi\u0105zana jest szczeg\u00f3lnie z automatyzacj\u0105 obiekt\u00f3w w sektorze<strong> przemys\u0142u wydobycia<\/strong> <strong>gazu i ropy naftowej oraz przemys\u0142u petrochemicznego<\/strong>. Nie ograniczamy jednak pola dzia\u0142ania jedynie do tych bran\u017c. Projektowali\u015bmy r\u00f3wnie\u017c automatyk\u0119 dla obiekt\u00f3w <strong>przemys\u0142u drzewnego, spo\u017cywczego<\/strong> oraz <strong>obiekt\u00f3w wodno-\u015bciekowych<\/strong>.<\/p>\n\n\n\n<p class=\"has-text-align-left has-small-font-size\">Specjali\u015bci firmy posiadaj\u0105 d\u0142ugoletni\u0105 praktyk\u0119 w projektowaniu system\u00f3w Pomiar\u00f3w i Automatyki oraz system\u00f3w sterowania cyfrowego, popart\u0105 wieloletnim do\u015bwiadczeniem obiektowym.<\/p>\n\n\n\n<p class=\"has-text-align-left has-small-font-size\">W celu zapewnienia wysokiej jako\u015bci, wszystkie prace projektowe wykonywane s\u0105 z zastosowaniem techniki komputerowej w oparciu o profesjonalne programy wspomagaj\u0105ce proces projektowania.<\/p>\n\n\n\n<p class=\"has-text-align-left has-small-font-size\">Bogate do\u015bwiadczenie naszych pracownik\u00f3w i ich szeroko rozumiana wiedza z zakresu in\u017cynierii sprawia, \u017ce <strong><em>CompA sp. z o.o.<\/em><\/strong> mo\u017ce realizowa\u0107 wiele skomplikowanych projekt\u00f3w w sektorze automatyki oraz w bran\u017cach pokrewnych.<\/p>\n<\/div><\/div>\n","protected":false},"excerpt":{"rendered":"","protected":false},"author":1,"featured_media":0,"parent":0,"menu_order":0,"comment_status":"closed","ping_status":"closed","template":"page-fullwidth.php","meta":{"footnotes":""},"_links":{"self":[{"href":"https:\/\/compa.com.pl\/index.php?rest_route=\/wp\/v2\/pages\/60"}],"collection":[{"href":"https:\/\/compa.com.pl\/index.php?rest_route=\/wp\/v2\/pages"}],"about":[{"href":"https:\/\/compa.com.pl\/index.php?rest_route=\/wp\/v2\/types\/page"}],"author":[{"embeddable":true,"href":"https:\/\/compa.com.pl\/index.php?rest_route=\/wp\/v2\/users\/1"}],"replies":[{"embeddable":true,"href":"https:\/\/compa.com.pl\/index.php?rest_route=%2Fwp%2Fv2%2Fcomments&post=60"}],"version-history":[{"count":17,"href":"https:\/\/compa.com.pl\/index.php?rest_route=\/wp\/v2\/pages\/60\/revisions"}],"predecessor-version":[{"id":560,"href":"https:\/\/compa.com.pl\/index.php?rest_route=\/wp\/v2\/pages\/60\/revisions\/560"}],"wp:attachment":[{"href":"https:\/\/compa.com.pl\/index.php?rest_route=%2Fwp%2Fv2%2Fmedia&parent=60"}],"curies":[{"name":"wp","href":"https:\/\/api.w.org\/{rel}","templated":true}]}}